number?
True
Is 922283 prime?
True
Is 77386 a composite number?
True
Is 250543 prime?
True
Is 149749 prime?
True
Is 767 prime?
False
Is 6943 prime?
False
Is 6521 a prime number?
True
Is 55135 a composite number?
True
Is 242777 a composite number?
True
Is 6143 a composite number?
False
Is 271367 a prime number?
True
Is 19939 a prime number?
False
Is 97213 a composite number?
False
Is 187 prime?
False
Is 76231 composite?
False
Is 10541 prime?
False
Is 2818 a prime number?
False
Is 388501 a composite number?
True
Is 86501 a prime number?
True
Is 216719 composite?
False
Is 850249 composite?
True
Is 1826917 prime?
True
Is 7507 composite?
False
Is 1488047 prime?
False
Is 44683 composite?
False
Is 1011371 composite?
False
Is 530227 prime?
True
Is 491923 a composite number?
False
Is 142799 composite?
False
Is 31399 a composite number?
True
Is 40693 a prime number?
True
Is 7057 a prime number?
True
Is 249697 prime?
False
Is 15661 a prime number?
True
Is 2591 prime?
True
Is 374691 prime?
False
Is 5131313 composite?
True
Is 364367 prime?
False
Is 4441 prime?
True
Is 1418291 prime?
False
Is 147827 composite?
False
Is 5471 composite?
False
Is 5305 a composite number?
True
Is 4551069 prime?
False
Is 143449 composite?
True
Is 224255 a composite number?
True
Is 283643 prime?
False
Is 1730063 prime?
True
Is 5501 a composite number?
False
Is 311393 composite?
False
Is 13901 composite?
False
Is 1979827 a prime number?
True
Is 34123 prime?
True
Is 383599 prime?
False
Is 133907 a prime number?
False
Is 15191 a composite number?
True
Is 88699 a composite number?
True
Is 28739 prime?
False
Is 126001 a composite number?
False
Is 55661 composite?
False
Is 1452527 a composite number?
False
Is 17399 a prime number?
False
Is 17237 composite?
True
Is 105407 a composite number?
False
Is 86297 a prime number?
True
Is 139 prime?
True
Is 958121 a composite number?
False
Is 8443 a prime number?
True
Is 1543 a prime number?
True
Is 211927 a composite number?
False
Is 10001 prime?
False
Is 214 composite?
True
Is 440807 a composite number?
False
Is 3385617 a prime number?
False
Is 11283 composite?
True
Is 4889 a prime number?
True
Is 501299 a prime number?
True
Is 2430671 composite?
False
Is 1944311 a prime number?
True
Is 10914073 a prime number?
True
Is 1954 prime?
False
Is 1189 a composite number?
True
Is 4327 prime?
True
Is 6443 composite?
True
Is 237361 composite?
False
Is 24329 a prime number?
True
Is 1893 a composite number?
True
Is 4298507 prime?
True
Is 190979 a composite number?
False
Is 14471 composite?
True
Is 19121 composite?
False
Is 22993 prime?
True
Is 33401 a prime number?
False
Is 290965 prime?
False
Is 100369 prime?
False
Is 8407 prime?
False
Is 146581 prime?
True
Is 2171431 prime?
True
Is 259411 a composite number?
False
Is 1841 prime?
False
Is 125123 a composite number?
True
Is 380381 a composite number?
True
Is 299629 a composite number?
True
Is 94247 composite?
True
Is 750377 a prime number?
False
Is 405865 composite?
True
Is 20639 composite?
False
Is 1277 composite?
False
Is 69505 a composite number?
True
Is 625343 a composite number?
False
Is 8893 composite?
False
Is 21467 a prime number?
True
Is 283981 a prime number?
False
Is 758087 a prime number?
False
Is 9767 a prime number?
True
Is 74615 a composite number?
True
Is 6591673 a composite number?
True
Is 963097 prime?
True
Is 557423 composite?
False
Is 87793 a composite number?
False
Is 241693 composite?
True
Is 29558 a prime number?
False
Is 37487 a prime number?
False
Is 258367 a composite number?
True
Is 17905 a composite number?
True
Is 34211 composite?
False
Is 165729 a composite number?
True
Is 32491 prime?
True
Is 63827 a prime number?
False
Is 41187 composite?
True
Is 10211 prime?
True
Is 54737 a prime number?
False
Is 52067 a composite number?
False
Is 204889 composite?
True
Is 1657 a prime number?
True
Is 486073 composite?
True
Is 332303 a composite number?
False
Is 1523 composite?
False
Is 75409 a prime number?
False
Is 41719 a prime number?
True
Is 374483 a composite number?
False
Is 1460143 composite?
False
Is 61715 prime?
False
Is 1985717 a prime number?
False
Is 51845 a composite number?
True
Is 900803 a composite number?
False
Is 9257 prime?
True
Is 39595 composite?
True
Is 8287 a composite number?
False
Is 33619 a prime number?
True
Is 11467 a composite number?
False
Is 224089 composite?
True
Is 341147 composite?
True
Is 17513 a prime number?
False
Is 69883 a composite number?
True
Is 83989 composite?
True
Is 337471 a prime number?
False
Is 15926 a prime number?
False
Is 443533 a composite number?
False
Is 340283 a composite number?
False
Is 128227 prime?
False
Is 2761 prime?
False
Is 63793 a prime number?
True
Is 578933 a composite number?
True
Is 14419 a prime number?
True
Is 8263 prime?
True
Is 64399 a composite number?
False
Is 6526145 composite?
True
Is 36629 composite?
False
Is 243467 composite?
True
Is 69985 prime?
False
Is 151205 prime?
False
Is 18113 prime?
False
Is 1492019 composite?
False
Is 17455 prime?
False
Is 236219 a prime number?
True
Is 4596551 prime?
False
Is 1203223 a prime number?
False
Is 236237 a prime number?
False
Is 699733 prime?
True
Is 81497 a composite number?
True
Is 31013 a prime number?
True
Is 5773 prime?
False
Is 146291 a prime number?
True
Is 1019 composite?
False
Is 61033 a prime number?
False
Is 960293 a composite number?
False
Is 572937 composite?
True
Is 3761 a prime number?
True
Is 2319445 composite?
True
Is 269153 a prime number?
False
Is 48377 a prime number?
False
Is 269237 a composite number?
False
Is 75805 composite?
True
Is 1148995 a composite number?
True
Is 8443 composite?
False
Is 6852379 a composite number?
False
Is 263 a prime number?
True
Is 1973 a composite number?
False
Is 1883 a prime number?
False
Is 6697 a composite number?
True
Is 4177 a prime number?
True
Is 7402 prime?
False
Is 3793 a prime number?
True
Is 59695 prime?
False
Is 14519 a prime number?
True
Is 34753 prime?
False
Is 653243 composite?
False
Is 48881 a composite number?
True
Is 163838 a composite number?
True
Is 114269 prime?
True
Is 82217 composite?
False
Is 10133 a composite number?
False
Is 120639 prime?
False
Is 66127 a composite number?
True
Is 6103805 a composite number?
True
Is 19733 a prime number?
False
Is 1523 prime?
True
Is 10427 a prime number?
True
Is 110771 a composite number?
False
Is 24537 prime?
False
Is 587 composite?
False
Is 26839 a composite number?
False
Is 15493 prime?
True
Is 80527 prime?
True
Is 97145 composite?
True
Is 82805 a composite number?
True
Is 21621 a prime number?
False
Is 11341 composite?
True
Is 80277 prime?
False
Is 560017 a composite number?
False
Is 191339 a composite number?
False
Is 277435 prime?
False
Is 225031 prime?
False
Is 8651 a prime number?
False
Is 251 a composite number?
False
Is 23774 a prime number?
False
Is 66071 composite?
False
Is 90521 a prime number?
False
Is 1742141 prime?
False
Is 460483 composite?
True
Is 156983 composite?
True
Is 7573 a composite number?
False
Is 389 a prime number?
True
Is 12757 prime?
True
Is 184781 a composite number?
True
Is 19739 a composite number?
False
Is 3863 a prime number?
True
Is 17321 composite?
False
Is 15419 a prime number?
False
Is 499123 a composite number?
True
Is 7433 a composite number?
False
Is 26186 composite?
True
Is 33253 a prime number?
False
Is 186629 prime?
True
Is 89867 prime?
True
Is 102941 a composite number?
True
Is 3161321 a composite number?
False
Is 721439 a composite number?
False
Is 203117 a prime number?
True
Is 60549 composite?
True
Is 480691 a composite number?
True
Is 39637 composite?
True
Is 54067 composite?
True
Is 15679 a composite number?
False
Is 45403 composite?
False
Is 122327 a composite number?
False
Is 41333 a composite number?
False
Is 362431 a prime number?
True
Is 831035 a prime number?
False
Is 20573 composite?
True
Is 105019 a composite number?
False
Is 12459 composite?
True
Is 413357 composite?
True
Is 357047 a composite number?
False
Is 538181 a composite number?
True
Is 5317 composite?
True
Is 911281 a composite number?
True
Is 29903 prime?
False
Is 2053 prime?
True
Is 83137 a prime number?
True
Is 36989 a composite number?
True
Is 15727 a prime number?
True
Is 221107 prime?
False
Is 26237 composite?
False
Is 687223 prime?
Tr